
3
Calculate the remainder when 130 is divided by 37.
19
Calculate the remainder when 1220 is divided by 392.
44
What is the remainder when 27389 is divided by 11?
10
What is the remainder when 157 is divided by 9?
4
Calculate the remainder when 614 is divided by 269.
76
What is the remainder when 194 is divided by 18?
14
What is the remainder when 170 is divided by 61?
48
Calculate the remainder when 515 is divided by 91.
60
Calculate the remainder when 37 is divided by 13.
11
Calculate the remainder when 110 is divided by 12.
2
What is the remainder when 93 is divided by 32?
29
What is the remainder when 98 is divided by 16?
2
Calculate the remainder when 747 is divided by 110.
87
What is the remainder when 342 is divided by 72?
54
Calculate the remainder when 3056 is divided by 145.
11
Calculate the remainder when 1941 is divided by 54.
51
What is the remainder when 24 is divided by 7?
3
What is the remainder when 296 is divided by 13?
10
What is the remainder when 2167 is divided by 31?
28
Calculate the remainder when 142 is divided by 45.
7
Calculate the remainder when 223 is divided by 16.
15
What is the remainder when 716 is divided by 91?
79
What is the remainder when 623 is divided by 6?
5
Calculate the remainder when 3642 is divided by 228.
222
Calculate the remainder when 386 is divided by 7.
1
Calculate the remainder when 1567 is divided by 783.
1
What is the remainder when 457 is divided by 7?
2
What is the remainder when 5897 is divided by 10?
7
Calculate the remainder when 1228 is divided by 28.
24
What is the remainder when 130 is divided by 44?
42
What is the remainder when 1308 is divided by 46?
20
What is the remainder when 67 is divided by 23?
21
What is the remainder when 3247 is divided by 50?
47
Calculate the remainder when 990 is divided by 202.
182
Calculate the remainder when 118 is divided by 48.
22
Calculate the remainder when 2626 is divided by 873.
7
Calculate the remainder when 563 is divided by 70.
3
Calculate the remainder when 129 is divided by 33.
30
What is the remainder when 190 is divided by 65?
60
What is the remainder when 19529 is divided by 90?
89
What is the remainder when 612 is divided by 62?
54
Calculate the remainder when 87 is divided by 42.
3
Calculate the remainder when 21 is divided by 8.
5
Calculate the remainder when 149 is divided by 6.
5
Calculate the remainder when 233 is divided by 79.
75
What is the remainder when 97 is divided by 14?
13
Calculate the remainder when 1800 is divided by 183.
153
What is the remainder when 78 is divided by 15?
3
What is the remainder when 175 is divided by 34?
5
Calculate the remainder when 361 is divided by 25.
11
What is the remainder when 460 is divided by 244?
216
What is the remainder when 174 is divided by 61?
52
What is the remainder when 12403 is divided by 4131?
10
What is the remainder when 67 is divided by 41?
26
Calculate the remainder when 12 is divided by 9.
3
Calculate the remainder when 488 is divided by 151.
35
Calculate the remainder when 27 is divided by 6.
3
What is the remainder when 545 is divided by 25?
20
What is the remainder when 1568 is divided by 6?
2
What is the remainder when 658 is divided by 66?
64
Calculate the remainder when 191 is divided by 86.
19
What is the remainder when 66 is divided by 26?
14
Calculate the remainder when 97 is divided by 60.
37
What is the remainder when 85 is divided by 17?
0
Calculate the remainder when 477 is divided by 24.
21
What is the remainder when 218 is divided by 23?
11
Calculate the remainder when 293 is divided by 41.
6
What is the remainder when 340 is divided by 79?
24
What is the remainder when 869 is divided by 145?
144
What is the remainder when 610 is divided by 102?
100
What is the remainder when 421 is divided by 218?
203
Calculate the remainder when 9261 is divided by 4.
1
Calculate the remainder when 440 is divided by 94.
64
Calculate the remainder when 860 is divided by 128.
92
What is the remainder when 64 is divided by 27?
10
Calculate the remainder when 1005 is divided by 32.
13
What is the remainder when 225 is divided by 20?
5
What is the remainder when 91 is divided by 80?
11
What is the remainder when 15758 is divided by 222?
218
What is the remainder when 490 is divided by 26?
22
Calculate the remainder when 7347 is divided by 98.
95
What is the remainder when 661 is divided by 56?
45
Calculate the remainder when 1151 is divided by 96.
95
Calculate the remainder when 197 is divided by 4.
1
Calculate the remainder when 1953 is divided by 1943.
10
What is the remainder when 334 is divided by 76?
30
What is the remainder when 269 is divided by 90?
89
What is the remainder when 414 is divided by 133?
15
Calculate the remainder when 206 is divided by 73.
60
Calculate the remainder when 1427 is divided by 84.
83
Calculate the remainder when 387 is divided by 158.
71
What is the remainder when 694 is divided by 58?
56
Calculate the remainder when 332 is divided by 35.
17
Calculate the remainder when 4324 is divided by 188.
0
What is the remainder when 345 is divided by 24?
9
What is the remainder when 282 is divided by 97?
88
What is the remainder when 10992 is divided by 44?
36
Calculate the remainder when 345 is divided by 58.
55
Calculate the remainder when 139 is divided by 43.
10
What is the remainder when 192 is divided by 62?
6
Calculate the remainder when 5285 is divided by 16.
5
Calculate the remainder when 853 is divided by 24.
13
What is the remainder when 2564 is divided by 71?
8
Calculate the remainder when 2177 is divided by 109.
106
What is the remainder when 347 is divided by 27?
23
What is the remainder when 535 is divided by 76?
3
Calculate the remainder when 13 is divided by 4.
1
What is the remainder when 10461 is divided by 65?
61
Calculate the remainder when 301 is divided by 51.
46
What is the remainder when 355 is divided by 115?
10
Calculate the remainder when 182 is divided by 167.
15
Calculate the remainder when 197 is divided by 31.
11
Calculate the remainder when 5887 is divided by 19.
16
Calculate the remainder when 388 is divided by 14.
10
What is the remainder when 2128 is divided by 23?
12
What is the remainder when 111 is divided by 22?
1
What is the remainder when 13802 is divided by 119?
117
Calculate the remainder when 118 is divided by 31.
25
What is the remainder when 16065 is divided by 39?
36
Calculate the remainder when 379 is divided by 105.
64
What is the remainder when 88 is divided by 80?
8
Calculate the remainder when 381 is divided by 43.
37
Calculate the remainder when 8218 is divided by 60.
58
Calculate the remainder when 577 is divided by 111.
22
What is the remainder when 385 is divided by 122?
19
Calculate the remainder when 895 is divided by 31.
27
What is the remainder when 29987 is divided by 12?
11
Calculate the remainder when 22 is divided by 9.
4
Calculate the remainder when 173 is divided by 57.
2
Calculate the remainder when 1149 is divided by 378.
15
Calculate the remainder when 101 is divided by 24.
5
What is the remainder when 423 is divided by 8?
7
What is the remainder when 529 is divided by 26?
9
Calculate the remainder when 27 is divided by 15.
12
Calculate the remainder when 54 is divided by 43.
11
Calculate the remainder when 647 is divided by 356.
291
What is the remainder when 1699 is divided by 9?
7
Calculate the remainder when 294 is divided by 20.
14
What is the remainder when 39 is divided by 20?
19
Calculate the remainder when 506 is divided by 175.
156
What is the remainder when 38 is divided by 13?
12
What is the remainder when 135 is divided by 35?
30
Calculate the remainder when 55 is divided by 18.
1
What is the remainder when 1658 is divided by 66?
8
Calculate the remainder when 130 is divided by 55.
20
What is the remainder when 1010 is divided by 39?
35
Calculate the remainder when 38 is divided by 32.
6
What is the remainder when 713 is divided by 141?
8
What is the remainder when 959 is divided by 20?
19
What is the remainder when 2491 is divided by 192?
187
What is the remainder when 7549 is divided by 46?
5
Calculate the remainder when 4230 is divided by 2112.
6
What is the remainder when 289 is divided by 99?
91
What is the remainder when 1574 is divided by 381?
50
What is the rema